{"id":373,"date":"2021-04-15T10:51:53","date_gmt":"2021-04-15T14:51:53","guid":{"rendered":"https:\/\/www.snaeduca.cl\/complejoeducacionalagricoladetalagante\/?page_id=373"},"modified":"2022-08-22T11:19:54","modified_gmt":"2022-08-22T15:19:54","slug":"admision","status":"publish","type":"page","link":"https:\/\/test.snaeduca.cl\/complejoeducacionalagricoladetalagante\/admision\/","title":{"rendered":"Admisi\u00f3n"},"content":{"rendered":"<h3><strong>ADMISION 2023<\/strong><\/h3>\n<p><a href=\"https:\/\/www.sistemadeadmisionescolar.cl\/\">Sistema de Admisi\u00f3n Escolar<\/a><\/p>\n<p>&nbsp;<\/p>\n<h4><strong>Informaci\u00f3n sobre nuestro establecimiento<\/strong><\/h4>\n<p><a href=\"https:\/\/admision.mineduc.cl\/vitrina-vue\/establecimiento\/24446\">Informaci\u00f3n Institucional<\/a><\/p>\n<p>&nbsp;<\/p>\n<p>&nbsp;<\/p>\n<p><strong>10 de agosto:<\/strong> Inicio Per\u00edodo Postulaci\u00f3n<\/p>\n<p><strong>07 de septiembre:<\/strong> Finaliza Per\u00edodo de Postulaci\u00f3n<\/p>\n<p><strong>24 al 28 de septiembre:<\/strong> Publicaci\u00f3n resultados<\/p>\n<p><strong>09 al 10 de noviembre:<\/strong> Publicaci\u00f3n listas de esperas<\/p>\n<p><strong>22 a 29 de noviembre:<\/strong> Per\u00edodo complementario de Postulaci\u00f3n <em>(para aquellos apoderados que hayan rechazado su asignaci\u00f3n o que no postularon en el periodo principal)<\/em><\/p>\n<p>&nbsp;<\/p>\n","protected":false},"excerpt":{"rendered":"<p>ADMISION 2023 Sistema de Admisi\u00f3n Escolar &nbsp; Informaci\u00f3n sobre nuestro establecimiento Informaci\u00f3n Institucional &nbsp; &nbsp; 10 de agosto: Inicio Per\u00edodo Postulaci\u00f3n 07 de septiembre: Finaliza Per\u00edodo<span class=\"excerpt-hellip\"> [\u2026]<\/span><\/p>\n","protected":false},"author":1,"featured_media":0,"parent":0,"menu_order":0,"comment_status":"closed","ping_status":"closed","template":"","meta":{"footnotes":""},"class_list":["post-373","page","type-page","status-publish","hentry"],"_links":{"self":[{"href":"https:\/\/test.snaeduca.cl\/complejoeducacionalagricoladetalagante\/wp-json\/wp\/v2\/pages\/373","targetHints":{"allow":["GET"]}}],"collection":[{"href":"https:\/\/test.snaeduca.cl\/complejoeducacionalagricoladetalagante\/wp-json\/wp\/v2\/pages"}],"about":[{"href":"https:\/\/test.snaeduca.cl\/complejoeducacionalagricoladetalagante\/wp-json\/wp\/v2\/types\/page"}],"author":[{"embeddable":true,"href":"https:\/\/test.snaeduca.cl\/complejoeducacionalagricoladetalagante\/wp-json\/wp\/v2\/users\/1"}],"replies":[{"embeddable":true,"href":"https:\/\/test.snaeduca.cl\/complejoeducacionalagricoladetalagante\/wp-json\/wp\/v2\/comments?post=373"}],"version-history":[{"count":13,"href":"https:\/\/test.snaeduca.cl\/complejoeducacionalagricoladetalagante\/wp-json\/wp\/v2\/pages\/373\/revisions"}],"predecessor-version":[{"id":526,"href":"https:\/\/test.snaeduca.cl\/complejoeducacionalagricoladetalagante\/wp-json\/wp\/v2\/pages\/373\/revisions\/526"}],"wp:attachment":[{"href":"https:\/\/test.snaeduca.cl\/complejoeducacionalagricoladetalagante\/wp-json\/wp\/v2\/media?parent=373"}],"curies":[{"name":"wp","href":"https:\/\/api.w.org\/{rel}","templated":true}]}}